re the prime factors of r?
2, 3
Let b = -1 - -1. Suppose x + 2*x + 18 = b. List the prime factors of 4*(15/x)/(-5).
2
Let f(g) = -g + 9. Let x be f(7). Suppose -2*m + 20 = x*m. List the prime factors of m.
5
Suppose -13 = -3*o - 5*b + 14, 54 = 3*o - 4*b. Let y(t) = t - 10. Let g be y(10). Suppose g*w - o = -2*w. List the prime factors of w.
7
Let q be (3 + 0)*(-28)/(-6). Let n be 9*(130/6 - 0). List the prime factors of (-4)/q + n/21.
3
Suppose -4*g + 280 + 104 = 0. List the prime factors of g.
2, 3
List the prime factors of (7/2 - 2)*2.
3
Suppose 10*g = 12*g - 28. Suppose 25 = 3*w - g. What are the prime factors of w?
13
Let y(j) = -j**3 - 9*j**2 + 10*j + 2. Let v be y(-10). What are the prime factors of 2/4*(v + 80)?
41
Let v(c) = c**2 - 2*c + 3. Let j = 7 + -2. Suppose 2*t - u - 14 = u, j = -u. List the prime factors of v(t).
3
Suppose 19*w - 2549 + 915 = 0. List the prime factors of w.
2, 43
List the prime factors of 115 + (-2 + 3 - 3).
113
Let w(q) = q**3 + 6*q**2 - 4*q - 6. What are the prime factors of w(-5)?
3, 13
Suppose -5*g + 6 = -2*s, 8 = 3*s - g + 2*g. Let u be (-1)/(0 + s/(-14)). Suppose -l + u = -4*j - 22, j = -5. List the prime factors of l.
3
Let s(r) = 5*r**2 - 2*r - 2. List the prime factors of s(-3).
7
Suppose 8 = 4*z, 2*z = v - z - 14. List the prime factors of v.
2, 5
Let d(o) = o + 4. Let p(w) = -3*w + 2. Let a be p(2). Let n = a - -4. List the prime factors of d(n).
2
Let z(l) = l**2 - 5*l + 5. What are the prime factors of z(8)?
29
Suppose 0 = -5*i + 7 - 2. Let a be (-2 - -3)*(i + 5). Let r = -1 + a. What are the prime factors of r?
5
Let t(u) = 4 - 1 + 2*u + 2 - u. Let w be t(0). Suppose 3*a - 22 = w*o, -3*a - 3*o = -a - 40. What are the prime factors of a?
2, 7
Suppose 24*j - 288 = 20*j. What are the prime factors of j?
2, 3
Suppose 0 = -4*w + 4 - 0. Suppose 4*n + w = -11. Let c = n + 5. What are the prime factors of c?
2
Let r = 56 - 43. List the prime factors of r.
13
Let s = 115 + -62. List the prime factors of s.
53
What are the prime factors of 4*(-4)/(-56) + (-3034)/(-14)?
7, 31
Let w be ((-3)/(-2))/(5/10). List the prime factors of (19/w)/((-7)/(-21)).
19
Let f be 50/8 + (-2)/8. Suppose 0 = 3*n - f. Suppose -w + 10 = -v + 2, n*v + 9 = w. List the prime factors of w.
7
Let u = -25 - -55. Suppose n + 3*d = 18, -3*n - d + 14 + 80 = 0. Suppose u = 2*q + 2*f, 2*f - 3*f - n = -3*q. What are the prime factors of q?
2, 3
Suppose 79 + 106 = 5*c. What are the prime factors of c?
37
Suppose -7 + 2 = -g + 2*u, 0 = 2*g + 5*u - 1. Suppose 2*r - 10 = -g*r. List the prime factors of r.
2
What are the prime factors of (-3 - 28/(-8))*40?
2, 5
Suppose -2*a = -4*h - h - 266, 5*a = 5*h + 650. Let w = a + -66. Suppose 0 = -3*s + 5*x + w, s + x + 32 = 3*s. List the prime factors of s.
2, 7
Suppose -5*l = -3 + 8. List the prime factors of (84 - l)*27/45.
3, 17
Suppose -6*c - 868 = -13*c. List the prime factors of c.
2, 31
Let x be (-6 - 1)*(-150)/35. Suppose 0 = 3*h - 3 + x. Let q = 18 + h. What are the prime factors of q?
3
Let u be 108/5 + (-8)/(-20). Let i = 35 - u. What are the prime factors of i?
13
Let x = 16 + -9. Suppose -2*o - 2*y + 18 = 0, 15 = x*o - 3*o - 3*y. List the prime factors of o.
2, 3
Suppose 10*g - 5*g + 5*v - 745 = 0, v = -4*g + 587. List the prime factors of g.
2, 73
Let l = 32 - -56. What are the prime factors of l?
2, 11
Suppose 0 = -3*p + 7 + 5. Suppose 0 = -x + p*k + 4, x + 7*k = 4*k + 32. What are the prime factors of x?
2, 5
Let v(b) = b**3 + 5*b**2 + 5*b + 4. Let p be v(-6). Let r = 97 + p. What are the prime factors of r?
5, 7
Suppose 2*m + y - 3*y - 14 = 0, 14 = -2*m - 5*y. Suppose 0 = -l - 0 + m. Let q = 5 - l. List the prime factors of q.
2
Suppose 3*a - 2*a = 15. Suppose 0 = r - 2*r + a. What are the prime factors of r?
3, 5
Suppose -3*n + 5*n = 50. List the prime factors of n.
5
Let h(g) = -3*g**3 - g. Suppose -4 = -u + 4*n - 3*n, -26 = u + 5*n. What are the prime factors of h(u)?
2
Let y(n) = 5*n**2 - 4*n - 10. List the prime factors of y(-4).
2, 43
Let t be (-1)/(-1)*(24 + -6). Let x be 0*(-2)/(-2 - 4). Suppose r - 2 - t = x. List the prime factors of r.
2, 5
Suppose -6*y + 16 = -2*y. Suppose 3*a = -3*r + 39, -6*r = -5*r - y*a - 38. List the prime factors of r.
2, 3
What are the prime factors of -4 - -15 - (-2 + 0)?
13
Suppose -2*i - 294 = -2*p, 0 = 6*i - 11*i - 15. List the prime factors of p.
2, 3
Let n(i) = 2*i**2. Let a be n(1). Suppose 7 = a*t - 5. Suppose y + 0 = t. What are the prime factors of y?
2, 3
Let r(o) = 3*o**2 + 4*o - o**3 + 1 - 3*o + 3*o. Let f be r(4). Suppose -4*n + 7 = 3*l - f, -8 = -4*n + 3*l. List the prime factors of n.
2
Suppose 2*m + m - 2*t = 298, -m + 111 = -3*t. Suppose -g + m = 3*g. What are the prime factors of g?
2, 3
Let t be 23/4 - 3/4. Let m(s) = -s + 3. Let o be m(3). Suppose o = v - t*v + 48. What are the prime factors of v?
2, 3
Let s(x) = x + 56*x**2 - 4*x - 55*x**2 - 7. Suppose 4*k - 25 = -k. What are the prime factors of s(k)?
3
Let k(h) = -17*h**2 + h. Let z(n) = -46*n**2 + 13*n**2 + 4*n - 2*n. Let s(v) = 11*k(v) - 6*z(v). What are the prime factors of s(1)?
2, 5
Let h = -4 - -2. What are the prime factors of (h + 7/2)*2?
3
Let b = 2 - 0. Suppose -5*w + 200 = -2*c, 7*c = 3*w + 4*c - 120. Suppose -w = -b*h - 2*h. List the prime factors of h.
2, 5
What are the prime factors of 34 - (-4 + (1 - -3))?
2, 17
Let v be -4 + 6 - (-13)/1. Let s = 9 - v. What are the prime factors of (-5)/3*(3 + s)?
5
Let v(r) = -6*r**3 - r**2. Let o be v(-1). Suppose -4*c - 7 = 3*k, k + 2*k - o*c - 2 = 0. List the prime factors of k/(-3) + (-32)/(-3).
11
Suppose 0 = -2*w - 4*n + 442, -618 = -6*w + 3*w + 3*n. What are the prime factors of w?
211
Suppose -4*d - 4*f = -68, -d + 0*d + 2*f = -26. What are the prime factors of d?
2, 5
Let x(v) = v**2 + 9*v - 7. Let a be x(-10). Let p be (a/(-3) - -1)/(-2). Let y(t) = t**3 + 3. What are the prime factors of y(p)?
3
Let o be 4/(-18) - 58/(-18). Suppose o = -3*r + 9. List the prime factors of r.
2
List the prime factors of (-5)/(-25) - 138/(-10).
2, 7
Suppose -3*u + 11 + 4 = 0. Suppose -u*t = 2*t - 56. List the prime factors of t.
2
Suppose -2*b + 7*b - 85 = 0. What are the prime factors of b?
17
Suppose -3*t = 5*z - 48 - 107, 212 = 4*t + 4*z. List the prime factors of t.
5, 11
Let p(w) be the first derivative of 2 + 0*w + 1/2*w**2. What are the prime factors of p(3)?
3
Let c(w) = 29*w - 1. What are the prime factors of c(2)?
3, 19
Let c(u) = u**3 - 5*u**2 + u - 5. What are the prime factors of c(6)?
37
Suppose -u + 6*u = 10. Let c = -4 - -2. What are the prime factors of 1 + (12 + u - c)?
17
Let k = 646 + -352. What are the prime factors of k?
2, 3, 7
Let o(j) = 3*j**3 - j**2 - 4*j + 6. What are the prime factors of o(2)?
2, 3
Let y(c) = c**3 - 8*c**2 - 10*c + 13. Suppose -2*p + 16 = z, 0*z - 21 = -3*p - 3*z. What are the prime factors of y(p)?
2
Let f(v) = -v - 9. Let t be f(-11). Suppose h + 67 = t*h. Suppose 4*a + 19 = h. List the prime factors of a.
2, 3
Suppose -4*b = 5*d + b - 55, -5*b - 25 = -5*d. Let y = 17 + d. List the prime factors of y.
5
Suppose -3*g - 6 = 3*t, 0 = -2*g + 2*t - 3*t. Suppose -g*v = -11 - 9. List the prime factors of v.
2, 5
Let d(o) = -o**3 + 7*o**2 - 5*o + 1. Let q be d(6). Suppose -2*b - 240 = -q*b. Suppose b = 3*k + k. List the prime factors of k.
2, 3
List the prime factors of 7/(35/(-15)) + 55.
2, 13
Let l(r) = -36*r - 11. What are the prime factors of l(-2)?
61
Suppose -5 = x - 0*x. Let q(h) = h**2 + h + 7. List the prime factors of q(x).
3
Let n(j) = -j**3 - 16*j**2 + 17*j + 10. What are the prime factors of n(-17)?
2, 5
Suppose 22*f = 20*f + 366. What are the prime factors of f?
3, 61
Let n(h) = 24*h - 1. Let z be n(1). Let g = z - 3. List the prime factors of g.
2, 5
Suppose -6*o + 4*o + 3*p = 0, -4*o + 2*p = -16. Let v = o + 6. List the prime factors of v.
2, 3
Suppose 0 = 5*s - 168 - 42. List the prime factors of s.
2, 3, 7
Let m = -32 - -114. List the prime factors of m.
2, 41
Let o(j) = j**2 + 4*j - 4. Let x(k) = -2*k**2 - 9*k + 8. Let s(a) = 9*o(a) + 4*x(a). List the prime factors of s(5).
3, 7
Let k(l) = 17*l + 11. List the prime factors of k(9).
2, 41
Suppose 5*h - 13 = 37. What are the prime factors of h?
2, 5
Let k(a) be the first derivative of a**2/2 + 7*a + 1. Let s be k(-7). Suppose s*